q + f*q - 9740 = 0. What are the prime factors of q?
2, 487
Suppose g + 7533 + 1347 = 5*z, -5*z + 2*g = -8885. List the prime factors of z.
5, 71
Let t be (-27)/(-3)*((-128)/(-12) - 2). Let s(f) = -f - 4. Let n be s(-7). Suppose n*w - t = 2*d - 5*d, -2*d - 3*w + 47 = 0. What are the prime factors of d?
31
Let m(u) = 2*u**2 - u + 1. Let s(y) = 118*y**2 + 4*y - 5. Let r(f) = 5*m(f) + s(f). What are the prime factors of r(-2)?
2, 257
Let t(n) be the second derivative of 0 + 7/2*n**2 + 22*n - 5/3*n**3. What are the prime factors of t(-4)?
47
Suppose 5*v = -4*o + v - 280, 2*o - v + 128 = 0. What are the prime factors of (-27402)/(-66) + (-4)/o*-3?
5, 83
Let n = -231 - -237. What are the prime factors of (1 - (-3164)/n) + 2/(-6)?
2, 3, 11
Let f(h) = -21*h**2 + 24*h + 11*h - 277 + h**3 + 333. What are the prime factors of f(21)?
7, 113
Let x(h) = 7*h - 17. Let a be x(9). Let i = a + -44. Suppose 4*d = -4, 0*t + i*d = -2*t + 132. List the prime factors of t.
67
Let v = -1537 - -1017. List the prime factors of v/(-72) - 7 - 28832/(-18).
2, 3, 89
Let v(m) = -40 + 41*m**2 - 22*m + m**3 - 21*m**2 - 6*m**2. Let z be v(-14). Suppose 2*x - 2 = 0, -4*l - 7*x + 3*x + z = 0. What are the prime factors of l?
2, 3, 11
Suppose -4*k - 33766 = -6*q, 5*q + 3*k - 29833 + 1663 = 0. List the prime factors of q.
3, 1877
Let j(y) be the first derivative of 98*y**3 - 3*y**2/2 + 4*y - 100. What are the prime factors of j(2)?
2, 587
Let x(h) be the first derivative of 2*h**3 + h**2/2 + 3*h + 48. What are the prime factors of x(4)?
103
Suppose -f + 76407 - 17037 = -g, -2*g - 59361 = -f. What are the prime factors of f?
3, 19793
Suppose 4*j - 4*m = 6000, 5*j - 59*m + 57*m - 7497 = 0. What are the prime factors of j?
1499
Let d be 10/1*(-2)/(-4). Suppose -155 = -2*z - d*s, 4*s = -3*z - s + 240. What are the prime factors of z?
5, 17
Suppose u + 17 = 3*a, 5*u + 109 = -3*a + 6*a. What are the prime factors of (381/2)/(u/(-92))?
2, 3, 127
Suppose 0 = 13*u - 3*y - 9905, 0 = -7*u + 11*u + 5*y - 3024. What are the prime factors of u?
761
Suppose 2*y + 169 - 1339 = 0. Let q = y - 193. What are the prime factors of q?
2, 7
Let t = 3 - -11. Suppose 16 + 12 = -4*z. What are the prime factors of 714/4 + z/t?
2, 89
Let k be (-13352)/3 - (-26)/39. Let x = -2889 - k. List the prime factors of x.
7, 223
Let f = 150788 + -90921. What are the prime factors of f?
131, 457
Let t = 15 + -11. Suppose x + v = -3, 4 = 8*x - t*x - 4*v. What are the prime factors of ((-148)/(-6))/(x - 4/(-3))?
2, 37
Let j be 0 + 44/33 - 2/(-3). Suppose 4*o - j*t = 3374, 0*t = 3*t - 15. List the prime factors of o.
2, 3, 47
Let m(f) = -3686*f - 9678. List the prime factors of m(-5).
2, 547
Let v = -210 + 160. Let n = 170 + v. List the prime factors of n.
2, 3, 5
Let g(r) = r**3 - 3*r**2 + r + 4. Let w be g(3). Suppose -44 = w*x - 11*x. Let p = x - -12. List the prime factors of p.
23
Let q = -23271 - -48267. What are the prime factors of q?
2, 3, 2083
Suppose 4*k = 2*k + 19791 + 5825. What are the prime factors of k?
2, 1601
Let r = -581 - -583. Suppose -4*a = r*j - 780, -4*j + 13 - 5 = 0. List the prime factors of a.
2, 97
Suppose -z - 7 = -3. Let g be (2 + z)*1 - (0 + -1). What are the prime factors of -79*(-2 - g) - -1*3?
2, 41
Let z(s) = s**3 - 6*s**2 + 6*s - 1. Let f be z(5). Let o be (-15)/6*3938/(-55). Suppose 3*q - f*q = -o. List the prime factors of q.
179
What are the prime factors of (133092/90)/((49/(-70))/(-7))?
2, 3697
Let z(q) = q**2 + 7*q + 10. Let p be (-18)/(-8)*8/(-3). Let v be z(p). Suppose 4*m - v*h + 15 - 183 = 0, -2*h - 2 = 0. List the prime factors of m.
41
Let o be (-32 - -1)/(1 + (-108)/102). Suppose 2*h + 165 - o = 0. List the prime factors of h.
181
Let s = -200 - -200. Suppose -8 = -2*d, -5*a = -s*d - d - 1006. List the prime factors of a.
2, 101
Let i be 7 - (4 - (4 - 2)). Suppose -5*h + 1925 = 5*l, -i*h - 876 = -2*l - 78. What are the prime factors of l?
389
Let v(a) = -80*a - 2. Suppose -9*o = -o - 40. Suppose -o*j + j = 4. What are the prime factors of v(j)?
2, 3, 13
Let f = -394 + 404. List the prime factors of 1000/30*126/f.
2, 3, 5, 7
Let h be (-12)/32 - (-12)/32. Suppose -4620 = -4*u - h*u. What are the prime factors of u?
3, 5, 7, 11
Suppose -y - 16 = 40. Let t = y - -61. Suppose t*k = 84 + 286. What are the prime factors of k?
2, 37
Suppose -5*v = -4*q + 2*q - 11, -4*v = 3*q - 41. Let s(n) = 6*n - 2. Let j(w) = 17*w - 5. Let g(x) = 3*j(x) - 8*s(x). What are the prime factors of g(q)?
2, 11
Let g(f) be the second derivative of 61*f**3/3 + 2*f**2 - f. Let y be 15 + -11 + 3/6*-6. List the prime factors of g(y).
2, 3, 7
Suppose -q - 20120 = -5*y, 5*q + 28 - 53 = 0. List the prime factors of y.
5, 7, 23
Let l(r) = -425*r - 1411. List the prime factors of l(-32).
3, 17, 239
Let j(l) = l**3 - 12*l**2 + 2*l + 17. Suppose 9*x - 20 - 7 = 0. Suppose 8 = 2*b, -x*u = b + 4*b - 56. List the prime factors of j(u).
41
Suppose 0 = -70*t + 308*t - 4533186. What are the prime factors of t?
3, 7, 907
Suppose -3*a + a = -4*j - 18, 10 = 5*j + 4*a. Let l be (-4)/6*((j - -2) + -72). What are the prime factors of 1/3*535 + l/72?
179
Suppose 5*l + 3*y = 3, -4*l + 5 = 6*y - y. Suppose l = 2*w + 28 - 174. Let k = 149 - w. What are the prime factors of k?
2, 19
Suppose -290882 + 186947 - 268313 = -76*z. What are the prime factors of z?
2, 31, 79
Suppose -4*s = -22*s - 72. List the prime factors of (201/s)/((-38)/8 + 4).
67
What are the prime factors of 42/28*24/9 - -6593?
3, 733
Suppose 2*n - 3*d = -n + 108, -n - 4*d = -46. Suppose 924 = -35*f + n*f. List the prime factors of f.
2, 7, 11
Let z = 30 - 35. Let y be 2/10 - ((-195)/25 - z). Let q(l) = 3*l**3 - 2*l**2 - 2*l + 1. List the prime factors of q(y).
2, 29
Let s = -43 + 28. Let d = 40 - s. Suppose 3*h = -4*y + 3*y + 189, -h - 3*y = -d. List the prime factors of h.
2
Let n = -6298 - -17835. What are the prime factors of n?
83, 139
Let u(i) = 118*i. Let z(k) = k**3 + 6*k**2 - k - 7. Let f be z(-6). Let x be u(f). Let m = 222 + x. What are the prime factors of m?
2, 13
Let a(o) = o**3 + 10*o**2 + 7*o - 2. Let v be a(-9). Let c(f) = f**3 + 3*f**2 + 2*f**2 + 7*f - v*f**2 - 1. List the prime factors of c(11).
2, 19
List the prime factors of 12438 + ((-108)/(-3))/(-9).
2, 6217
Let i = -570 - -33. Let s = -213 - i. What are the prime factors of s?
2, 3
Let u = 573 + -427. Let x = u + -84. List the prime factors of x.
2, 31
Let t be 0 + 2 + 1 - 1. Suppose -3*a - z = 27, t*a + 6 = 2*z - 20. What are the prime factors of 2/a - 276/(-5)?
5, 11
Let c(m) = -11*m**2 + 6*m - 32. Let r be c(-20). Let y be r/(-40) + 3/15. Let v = y - 95. List the prime factors of v.
19
Let a = -1479 - -780. Let k = 779 + a. List the prime factors of k.
2, 5
Let v(g) = g**2 + 36*g - 13. Let k be v(-27). Suppose 2*j + 1895 = 7*j. Let l = k + j. List the prime factors of l.
3, 41
Let v be -2 - (3 - 16/4). Let x be 13*(5 + -3)*v. Let l = 11 - x. List the prime factors of l.
37
Suppose k + 37 = q, 0 = -0*q - 5*q + 20. Suppose -a + 143 + 26 = 0. Let y = k + a. List the prime factors of y.
2, 17
What are the prime factors of -24962*(-1)/2*(-6)/(-27)*9?
2, 7, 1783
Let q(p) = -p**2 - 10*p + 1 + 4*p**2 - 7*p. Let l be q(-11). Suppose 5*v + 56 = l. List the prime factors of v.
3, 11
Let g = 15 + -9. Let c(x) = x**2 - 5*x - 2. Let r be c(g). Suppose -r*v + 49 = -3*v. What are the prime factors of v?
7
Let j be (-2 + 6)*1 - (-408)/(-68). List the prime factors of (1/((-5)/3110))/j.
311
Let y(n) be the first derivative of 11*n**2/2 - 27*n - 167. Let l be 1 - 7/(14/(-12)). List the prime factors of y(l).
2, 5
Let a(b) = -112*b - 498. Let x(o) = 23*o + 100. Let j(i) = 3*a(i) + 14*x(i). List the prime factors of j(-16).
2, 5, 13
Suppose -k = 3*g - 8001, -2*k + 6*g - 10*g + 15994 = 0. List the prime factors of k.
3, 2663
Let c(w) = 35615*w**2 + w + 2. Let p = -94 - -93. Let n be c(p). List the prime factors of (-1)/3*1 + n/144.
13, 19
Let l(h) = -5*h - 8. Let m be l(-1). List the prime factors of m - ((-8 - 83) + (-1)/(-1)).
3, 29
Let l = -71 - -73. Suppose 102 = l*d + 2*q - 84, -2*d - 4*q = -180. What are the prime factors of d?
2, 3
Let m = -5754 - -10582. List the prime factors of m.
2, 17, 71
Let m(f) = 192*f + 4. Let l be m(1). Suppose -2*b - 2*b = 4*n - 164, -4*n - l = -5*b. Suppose -b - 245 = -5